{"id":111,"date":"2010-02-18T11:49:45","date_gmt":"2010-02-18T15:49:45","guid":{"rendered":"http:\/\/frutasselectasdelvalle.com\/?page_id=111"},"modified":"2010-04-05T11:07:50","modified_gmt":"2010-04-05T15:07:50","slug":"berenjena","status":"publish","type":"page","link":"https:\/\/frutasselectasdelvalle.com\/index.php\/productos\/berenjena\/","title":{"rendered":"Berenjena"},"content":{"rendered":"<p>La berenjena (Solanum melongena), originaria de la India,  pertenece, junto al tomate, el pimiento y la patata, a la familia de las solan\u00e1ceas. <\/p>\n<p>Esta hortaliza, ligera y digestiva, es una gran aliada frente al colesterol. Su delicado sabor, un cl\u00e1sico en las cocinas asi\u00e1tica y mediterr\u00e1nea, admite un sinf\u00edn de sofisticadas combinaciones.<\/p>\n<p>Brillante, carnosa y compacta, la popular berenjena es muy apreciada en toda la cocina mediterr\u00e1nea y de Oriente Medio, adem\u00e1s de un tesoro para la salud por su escaso aporte cal\u00f3rico, sus antioxidantes y sobre todo su capacidad para favorecer la eliminaci\u00f3n del colesterol: absorbe igual de bien las grasas con que se cocina que el colesterol que circula por el intestino. <\/p>\n<!-- default-view.php -->\n<div\n\tclass=\"ngg-galleryoverview default-view  ngg-ajax-pagination-none\"\n\tid=\"ngg-gallery-df63009581077de661ecf7bfaf213f5d-1\">\n\n\t\t<!-- Thumbnails -->\n\t\t\t\t<div id=\"ngg-image-0\" class=\"ngg-gallery-thumbnail-box \" >\n\t\t\t\t        <div class=\"ngg-gallery-thumbnail\">\n            <a href=\"https:\/\/frutasselectasdelvalle.com\/wp-content\/gallery\/berenjena\/cultivo-berenjena-1.jpg\"\n               title=\"\"\n               data-src=\"https:\/\/frutasselectasdelvalle.com\/wp-content\/gallery\/berenjena\/cultivo-berenjena-1.jpg\"\n               data-thumbnail=\"https:\/\/frutasselectasdelvalle.com\/wp-content\/gallery\/berenjena\/thumbs\/thumbs_cultivo-berenjena-1.jpg\"\n               data-image-id=\"28\"\n               data-title=\"cultivo-berenjena-1\"\n               data-description=\"\"\n               data-image-slug=\"cultivo-berenjena-1\"\n               class=\"ngg-fancybox\" rel=\"df63009581077de661ecf7bfaf213f5d\">\n                <img\n                    title=\"cultivo-berenjena-1\"\n                    alt=\"cultivo-berenjena-1\"\n                    src=\"https:\/\/frutasselectasdelvalle.com\/wp-content\/gallery\/berenjena\/thumbs\/thumbs_cultivo-berenjena-1.jpg\"\n                    width=\"100\"\n                    height=\"75\"\n                    style=\"max-width:100%;\"\n                \/>\n            <\/a>\n        <\/div>\n\t\t\t\t\t\t\t<\/div> \n\t\t\t\n\t\t\t\t<div id=\"ngg-image-1\" class=\"ngg-gallery-thumbnail-box \" >\n\t\t\t\t        <div class=\"ngg-gallery-thumbnail\">\n            <a href=\"https:\/\/frutasselectasdelvalle.com\/wp-content\/gallery\/berenjena\/cultivo-berenjena-2.jpg\"\n               title=\"\"\n               data-src=\"https:\/\/frutasselectasdelvalle.com\/wp-content\/gallery\/berenjena\/cultivo-berenjena-2.jpg\"\n               data-thumbnail=\"https:\/\/frutasselectasdelvalle.com\/wp-content\/gallery\/berenjena\/thumbs\/thumbs_cultivo-berenjena-2.jpg\"\n               data-image-id=\"29\"\n               data-title=\"cultivo-berenjena-2\"\n               data-description=\"\"\n               data-image-slug=\"cultivo-berenjena-2\"\n               class=\"ngg-fancybox\" rel=\"df63009581077de661ecf7bfaf213f5d\">\n                <img\n                    title=\"cultivo-berenjena-2\"\n                    alt=\"cultivo-berenjena-2\"\n                    src=\"https:\/\/frutasselectasdelvalle.com\/wp-content\/gallery\/berenjena\/thumbs\/thumbs_cultivo-berenjena-2.jpg\"\n                    width=\"100\"\n                    height=\"75\"\n                    style=\"max-width:100%;\"\n                \/>\n            <\/a>\n        <\/div>\n\t\t\t\t\t\t\t<\/div> \n\t\t\t\n\t\t\t\t<div id=\"ngg-image-2\" class=\"ngg-gallery-thumbnail-box \" >\n\t\t\t\t        <div class=\"ngg-gallery-thumbnail\">\n            <a href=\"https:\/\/frutasselectasdelvalle.com\/wp-content\/gallery\/berenjena\/cultivo-berenjena-3.jpg\"\n               title=\"\"\n               data-src=\"https:\/\/frutasselectasdelvalle.com\/wp-content\/gallery\/berenjena\/cultivo-berenjena-3.jpg\"\n               data-thumbnail=\"https:\/\/frutasselectasdelvalle.com\/wp-content\/gallery\/berenjena\/thumbs\/thumbs_cultivo-berenjena-3.jpg\"\n               data-image-id=\"30\"\n               data-title=\"cultivo-berenjena-3\"\n               data-description=\"\"\n               data-image-slug=\"cultivo-berenjena-3\"\n               class=\"ngg-fancybox\" rel=\"df63009581077de661ecf7bfaf213f5d\">\n                <img\n                    title=\"cultivo-berenjena-3\"\n                    alt=\"cultivo-berenjena-3\"\n                    src=\"https:\/\/frutasselectasdelvalle.com\/wp-content\/gallery\/berenjena\/thumbs\/thumbs_cultivo-berenjena-3.jpg\"\n                    width=\"100\"\n                    height=\"75\"\n                    style=\"max-width:100%;\"\n                \/>\n            <\/a>\n        <\/div>\n\t\t\t\t\t\t\t<\/div> \n\t\t\t\n\t\t\t\t<div id=\"ngg-image-3\" class=\"ngg-gallery-thumbnail-box \" >\n\t\t\t\t        <div class=\"ngg-gallery-thumbnail\">\n            <a href=\"https:\/\/frutasselectasdelvalle.com\/wp-content\/gallery\/berenjena\/cultivo-berenjena-4.jpg\"\n               title=\"\"\n               data-src=\"https:\/\/frutasselectasdelvalle.com\/wp-content\/gallery\/berenjena\/cultivo-berenjena-4.jpg\"\n               data-thumbnail=\"https:\/\/frutasselectasdelvalle.com\/wp-content\/gallery\/berenjena\/thumbs\/thumbs_cultivo-berenjena-4.jpg\"\n               data-image-id=\"31\"\n               data-title=\"cultivo-berenjena-4\"\n               data-description=\"\"\n               data-image-slug=\"cultivo-berenjena-4\"\n               class=\"ngg-fancybox\" rel=\"df63009581077de661ecf7bfaf213f5d\">\n                <img\n                    title=\"cultivo-berenjena-4\"\n                    alt=\"cultivo-berenjena-4\"\n                    src=\"https:\/\/frutasselectasdelvalle.com\/wp-content\/gallery\/berenjena\/thumbs\/thumbs_cultivo-berenjena-4.jpg\"\n                    width=\"100\"\n                    height=\"75\"\n                    style=\"max-width:100%;\"\n                \/>\n            <\/a>\n        <\/div>\n\t\t\t\t\t\t\t<\/div> \n\t\t\t\n\t\t\t\t<div id=\"ngg-image-4\" class=\"ngg-gallery-thumbnail-box \" >\n\t\t\t\t        <div class=\"ngg-gallery-thumbnail\">\n            <a href=\"https:\/\/frutasselectasdelvalle.com\/wp-content\/gallery\/berenjena\/cultivo-berenjena-5.jpg\"\n               title=\"\"\n               data-src=\"https:\/\/frutasselectasdelvalle.com\/wp-content\/gallery\/berenjena\/cultivo-berenjena-5.jpg\"\n               data-thumbnail=\"https:\/\/frutasselectasdelvalle.com\/wp-content\/gallery\/berenjena\/thumbs\/thumbs_cultivo-berenjena-5.jpg\"\n               data-image-id=\"32\"\n               data-title=\"cultivo-berenjena-5\"\n               data-description=\"\"\n               data-image-slug=\"cultivo-berenjena-5\"\n               class=\"ngg-fancybox\" rel=\"df63009581077de661ecf7bfaf213f5d\">\n                <img\n                    title=\"cultivo-berenjena-5\"\n                    alt=\"cultivo-berenjena-5\"\n                    src=\"https:\/\/frutasselectasdelvalle.com\/wp-content\/gallery\/berenjena\/thumbs\/thumbs_cultivo-berenjena-5.jpg\"\n                    width=\"100\"\n                    height=\"75\"\n                    style=\"max-width:100%;\"\n                \/>\n            <\/a>\n        <\/div>\n\t\t\t\t\t\t\t<\/div> \n\t\t\t\n\t\n\t<br style=\"clear: both\" \/>\n\n\t\t<div class=\"slideshowlink\">\n        <a href='https:\/\/frutasselectasdelvalle.com\/index.php\/productos\/berenjena\/nggallery\/slideshow'>[Show as slideshow]<\/a>\n\t\t\n\t<\/div>\n\t\n\t\t<!-- Pagination -->\n\t<div class='ngg-clear'><\/div>\t<\/div>\n<br \/>\n(Para ampliar dar clic sobre la foto que desea ver. Para cerrar dar nuevamente clic sobre la fotograf\u00eda. Tambi\u00e9n puede visualizar la galer\u00eda en pantalla completa dando clic en [View with PicLens] ) <\/p>\n","protected":false},"excerpt":{"rendered":"<p>La berenjena (Solanum melongena), originaria de la India, pertenece, junto al tomate, el pimiento y la patata, a la familia de las solan\u00e1ceas. Esta hortaliza, ligera y digestiva, es una gran aliada frente al colesterol. Su delicado sabor, un cl\u00e1sico en las cocinas asi\u00e1tica y mediterr\u00e1nea, admite un sinf\u00edn de sofisticadas combinaciones. Brillante, carnosa y [&hellip;]<\/p>\n","protected":false},"author":1,"featured_media":0,"parent":31,"menu_order":5,"comment_status":"open","ping_status":"open","template":"","meta":{"ngg_post_thumbnail":0},"_links":{"self":[{"href":"https:\/\/frutasselectasdelvalle.com\/index.php\/wp-json\/wp\/v2\/pages\/111"}],"collection":[{"href":"https:\/\/frutasselectasdelvalle.com\/index.php\/wp-json\/wp\/v2\/pages"}],"about":[{"href":"https:\/\/frutasselectasdelvalle.com\/index.php\/wp-json\/wp\/v2\/types\/page"}],"author":[{"embeddable":true,"href":"https:\/\/frutasselectasdelvalle.com\/index.php\/wp-json\/wp\/v2\/users\/1"}],"replies":[{"embeddable":true,"href":"https:\/\/frutasselectasdelvalle.com\/index.php\/wp-json\/wp\/v2\/comments?post=111"}],"version-history":[{"count":4,"href":"https:\/\/frutasselectasdelvalle.com\/index.php\/wp-json\/wp\/v2\/pages\/111\/revisions"}],"predecessor-version":[{"id":227,"href":"https:\/\/frutasselectasdelvalle.com\/index.php\/wp-json\/wp\/v2\/pages\/111\/revisions\/227"}],"up":[{"embeddable":true,"href":"https:\/\/frutasselectasdelvalle.com\/index.php\/wp-json\/wp\/v2\/pages\/31"}],"wp:attachment":[{"href":"https:\/\/frutasselectasdelvalle.com\/index.php\/wp-json\/wp\/v2\/media?parent=111"}],"curies":[{"name":"wp","href":"https:\/\/api.w.org\/{rel}","templated":true}]}}

<p>La berenjena (Solanum melongena), originaria de la India,  pertenece, junto al tomate, el pimiento y la patata, a la familia de las solanáceas. </p>
<p>Esta hortaliza, ligera y digestiva, es una gran aliada frente al colesterol. Su delicado sabor, un clásico en las cocinas asiática y mediterránea, admite un sinfín de sofisticadas combinaciones.</p>
<p>Brillante, carnosa y compacta, la popular berenjena es muy apreciada en toda la cocina mediterránea y de Oriente Medio, además de un tesoro para la salud por su escaso aporte calórico, sus antioxidantes y sobre todo su capacidad para favorecer la eliminación del colesterol: absorbe igual de bien las grasas con que se cocina que el colesterol que circula por el intestino. </p>
<!-- default-view.php -->
<div
	class="ngg-galleryoverview default-view  ngg-ajax-pagination-none"
	id="ngg-gallery-df63009581077de661ecf7bfaf213f5d-1">

		<!-- Thumbnails -->
				<div id="ngg-image-0" class="ngg-gallery-thumbnail-box " >
				        <div class="ngg-gallery-thumbnail">
            <a href="https://frutasselectasdelvalle.com/wp-content/gallery/berenjena/cultivo-berenjena-1.jpg"
               title=""
               data-src="https://frutasselectasdelvalle.com/wp-content/gallery/berenjena/cultivo-berenjena-1.jpg"
               data-thumbnail="https://frutasselectasdelvalle.com/wp-content/gallery/berenjena/thumbs/thumbs_cultivo-berenjena-1.jpg"
               data-image-id="28"
               data-title="cultivo-berenjena-1"
               data-description=""
               data-image-slug="cultivo-berenjena-1"
               class="ngg-fancybox" rel="df63009581077de661ecf7bfaf213f5d">
                <img
                    title="cultivo-berenjena-1"
                    alt="cultivo-berenjena-1"
                    src="https://frutasselectasdelvalle.com/wp-content/gallery/berenjena/thumbs/thumbs_cultivo-berenjena-1.jpg"
                    width="100"
                    height="75"
                    style="max-width:100%;"
                />
            </a>
        </div>
							</div> 
			
				<div id="ngg-image-1" class="ngg-gallery-thumbnail-box " >
				        <div class="ngg-gallery-thumbnail">
            <a href="https://frutasselectasdelvalle.com/wp-content/gallery/berenjena/cultivo-berenjena-2.jpg"
               title=""
               data-src="https://frutasselectasdelvalle.com/wp-content/gallery/berenjena/cultivo-berenjena-2.jpg"
               data-thumbnail="https://frutasselectasdelvalle.com/wp-content/gallery/berenjena/thumbs/thumbs_cultivo-berenjena-2.jpg"
               data-image-id="29"
               data-title="cultivo-berenjena-2"
               data-description=""
               data-image-slug="cultivo-berenjena-2"
               class="ngg-fancybox" rel="df63009581077de661ecf7bfaf213f5d">
                <img
                    title="cultivo-berenjena-2"
                    alt="cultivo-berenjena-2"
                    src="https://frutasselectasdelvalle.com/wp-content/gallery/berenjena/thumbs/thumbs_cultivo-berenjena-2.jpg"
                    width="100"
                    height="75"
                    style="max-width:100%;"
                />
            </a>
        </div>
							</div> 
			
				<div id="ngg-image-2" class="ngg-gallery-thumbnail-box " >
				        <div class="ngg-gallery-thumbnail">
            <a href="https://frutasselectasdelvalle.com/wp-content/gallery/berenjena/cultivo-berenjena-3.jpg"
               title=""
               data-src="https://frutasselectasdelvalle.com/wp-content/gallery/berenjena/cultivo-berenjena-3.jpg"
               data-thumbnail="https://frutasselectasdelvalle.com/wp-content/gallery/berenjena/thumbs/thumbs_cultivo-berenjena-3.jpg"
               data-image-id="30"
               data-title="cultivo-berenjena-3"
               data-description=""
               data-image-slug="cultivo-berenjena-3"
               class="ngg-fancybox" rel="df63009581077de661ecf7bfaf213f5d">
                <img
                    title="cultivo-berenjena-3"
                    alt="cultivo-berenjena-3"
                    src="https://frutasselectasdelvalle.com/wp-content/gallery/berenjena/thumbs/thumbs_cultivo-berenjena-3.jpg"
                    width="100"
                    height="75"
                    style="max-width:100%;"
                />
            </a>
        </div>
							</div> 
			
				<div id="ngg-image-3" class="ngg-gallery-thumbnail-box " >
				        <div class="ngg-gallery-thumbnail">
            <a href="https://frutasselectasdelvalle.com/wp-content/gallery/berenjena/cultivo-berenjena-4.jpg"
               title=""
               data-src="https://frutasselectasdelvalle.com/wp-content/gallery/berenjena/cultivo-berenjena-4.jpg"
               data-thumbnail="https://frutasselectasdelvalle.com/wp-content/gallery/berenjena/thumbs/thumbs_cultivo-berenjena-4.jpg"
               data-image-id="31"
               data-title="cultivo-berenjena-4"
               data-description=""
               data-image-slug="cultivo-berenjena-4"
               class="ngg-fancybox" rel="df63009581077de661ecf7bfaf213f5d">
                <img
                    title="cultivo-berenjena-4"
                    alt="cultivo-berenjena-4"
                    src="https://frutasselectasdelvalle.com/wp-content/gallery/berenjena/thumbs/thumbs_cultivo-berenjena-4.jpg"
                    width="100"
                    height="75"
                    style="max-width:100%;"
                />
            </a>
        </div>
							</div> 
			
				<div id="ngg-image-4" class="ngg-gallery-thumbnail-box " >
				        <div class="ngg-gallery-thumbnail">
            <a href="https://frutasselectasdelvalle.com/wp-content/gallery/berenjena/cultivo-berenjena-5.jpg"
               title=""
               data-src="https://frutasselectasdelvalle.com/wp-content/gallery/berenjena/cultivo-berenjena-5.jpg"
               data-thumbnail="https://frutasselectasdelvalle.com/wp-content/gallery/berenjena/thumbs/thumbs_cultivo-berenjena-5.jpg"
               data-image-id="32"
               data-title="cultivo-berenjena-5"
               data-description=""
               data-image-slug="cultivo-berenjena-5"
               class="ngg-fancybox" rel="df63009581077de661ecf7bfaf213f5d">
                <img
                    title="cultivo-berenjena-5"
                    alt="cultivo-berenjena-5"
                    src="https://frutasselectasdelvalle.com/wp-content/gallery/berenjena/thumbs/thumbs_cultivo-berenjena-5.jpg"
                    width="100"
                    height="75"
                    style="max-width:100%;"
                />
            </a>
        </div>
							</div> 
			
	
	<br style="clear: both" />

		<div class="slideshowlink">
        <a href='https://frutasselectasdelvalle.com/index.php/productos/berenjena/nggallery/slideshow'>[Show as slideshow]</a>
		
	</div>
	
		<!-- Pagination -->
	<div class='ngg-clear'></div>	</div>
<br />
(Para ampliar dar clic sobre la foto que desea ver. Para cerrar dar nuevamente clic sobre la fotografía. También puede visualizar la galería en pantalla completa dando clic en [View with PicLens] ) </p>

<p>La berenjena (Solanum melongena), originaria de la India, pertenece, junto al tomate, el pimiento y la patata, a la familia de las solanáceas. Esta hortaliza, ligera y digestiva, es una gran aliada frente al colesterol. Su delicado sabor, un clásico en las cocinas asiática y mediterránea, admite un sinfín de sofisticadas combinaciones. Brillante, carnosa y [&hellip;]</p>
