{"id":19,"date":"2009-08-18T08:23:26","date_gmt":"2009-08-18T12:23:26","guid":{"rendered":"http:\/\/frutasselectasdelvalle.com\/?page_id=19"},"modified":"2014-09-12T12:03:39","modified_gmt":"2014-09-12T16:03:39","slug":"historia","status":"publish","type":"page","link":"https:\/\/frutasselectasdelvalle.com\/index.php\/quienes-somos\/historia\/","title":{"rendered":"Historia"},"content":{"rendered":"<p><span style=\"color: #99cc00;\">RESE\u00d1A HISTORICA Y ESTRUCTURA EMPRESARIAL<\/span><\/p>\n<p style=\"text-align: justify;\"><span style=\"color: #333333;\">La firma inicia sus actividades comerciales en el a\u00f1o 2006.\u00a0 Es una empresa nacional que promueve el desarrollo econ\u00f3mico y agroindustrial de la regi\u00f3n dentro de un marco de competitividad, integridad y sostenibilidad, que garantice la producci\u00f3n, procesamiento y distribuci\u00f3n de productos altamente desarrollados acortando as\u00ed la intermediaci\u00f3n en la cadena productiva, buscando siempre el bienestar del consumidor final.<\/span><\/p>\n<p style=\"text-align: justify;\">Contamos con una infraestructura adecuada, flotilla de veh\u00edculos y un personal altamente calificado para el buen funcionamiento de nuestra empresa.<\/p>\n<p style=\"text-align: justify;\">El sistema de producci\u00f3n en campo est\u00e1 basado en un manejo integral de los cultivos,\u00a0 buscano producir frutas y hortalizas con excelente calidad natural;\u00a0 todo este proceso cuenta con la debida supervisi\u00f3n de diversas entidades estatales.<\/p>\n<p style=\"text-align: left;\"><a href=\"http:\/\/frutasselectasdelvalle.com\/wp-content\/uploads\/2009\/08\/pimenton3.jpg\"><img loading=\"lazy\" class=\"alignnone size-medium wp-image-51\" src=\"http:\/\/frutasselectasdelvalle.com\/wp-content\/uploads\/2009\/08\/pimenton3-300x274.jpg\" alt=\"invernadero\" width=\"300\" height=\"274\" srcset=\"https:\/\/frutasselectasdelvalle.com\/wp-content\/uploads\/2009\/08\/pimenton3-300x274.jpg 300w, https:\/\/frutasselectasdelvalle.com\/wp-content\/uploads\/2009\/08\/pimenton3.jpg 500w\" sizes=\"(max-width: 300px) 100vw, 300px\" \/><\/a><\/p>\n<p style=\"text-align: justify;\">Los cultivos se encuentran ubicados entre los 960 y los 1700 metros sobre el nivel del mar, contando con un \u00e1rea importante de invernaderos manejados con sistemas de producci\u00f3n de alta tecnolog\u00eda.<\/p>\n<p style=\"text-align: justify;\">Actualmente estamos atendiendo los mercados nacionales a trav\u00e9s de supermercados de cadena y centrales de abasto quienes poseen un alto<\/p>\n<p style=\"text-align: justify;\">conocimiento de la calidad de nuestros productos, y dentro de nuestras proyecciones est\u00e1 la de atender mercados internacionales como Ecuador, Canad\u00e1, Estados Unidos, entre otros.<\/p>\n","protected":false},"excerpt":{"rendered":"<p>RESE\u00d1A HISTORICA Y ESTRUCTURA EMPRESARIAL La firma inicia sus actividades comerciales en el a\u00f1o 2006.\u00a0 Es una empresa nacional que promueve el desarrollo econ\u00f3mico y agroindustrial de la regi\u00f3n dentro de un marco de competitividad, integridad y sostenibilidad, que garantice la producci\u00f3n, procesamiento y distribuci\u00f3n de productos altamente desarrollados acortando as\u00ed la intermediaci\u00f3n en la [&hellip;]<\/p>\n","protected":false},"author":1,"featured_media":0,"parent":85,"menu_order":1,"comment_status":"open","ping_status":"open","template":"page-fullwidth.php","meta":{"ngg_post_thumbnail":0},"_links":{"self":[{"href":"https:\/\/frutasselectasdelvalle.com\/index.php\/wp-json\/wp\/v2\/pages\/19"}],"collection":[{"href":"https:\/\/frutasselectasdelvalle.com\/index.php\/wp-json\/wp\/v2\/pages"}],"about":[{"href":"https:\/\/frutasselectasdelvalle.com\/index.php\/wp-json\/wp\/v2\/types\/page"}],"author":[{"embeddable":true,"href":"https:\/\/frutasselectasdelvalle.com\/index.php\/wp-json\/wp\/v2\/users\/1"}],"replies":[{"embeddable":true,"href":"https:\/\/frutasselectasdelvalle.com\/index.php\/wp-json\/wp\/v2\/comments?post=19"}],"version-history":[{"count":25,"href":"https:\/\/frutasselectasdelvalle.com\/index.php\/wp-json\/wp\/v2\/pages\/19\/revisions"}],"predecessor-version":[{"id":398,"href":"https:\/\/frutasselectasdelvalle.com\/index.php\/wp-json\/wp\/v2\/pages\/19\/revisions\/398"}],"up":[{"embeddable":true,"href":"https:\/\/frutasselectasdelvalle.com\/index.php\/wp-json\/wp\/v2\/pages\/85"}],"wp:attachment":[{"href":"https:\/\/frutasselectasdelvalle.com\/index.php\/wp-json\/wp\/v2\/media?parent=19"}],"curies":[{"name":"wp","href":"https:\/\/api.w.org\/{rel}","templated":true}]}}

<p><span style="color: #99cc00;">RESEÑA HISTORICA Y ESTRUCTURA EMPRESARIAL</span></p>
<p style="text-align: justify;"><span style="color: #333333;">La firma inicia sus actividades comerciales en el año 2006.  Es una empresa nacional que promueve el desarrollo económico y agroindustrial de la región dentro de un marco de competitividad, integridad y sostenibilidad, que garantice la producción, procesamiento y distribución de productos altamente desarrollados acortando así la intermediación en la cadena productiva, buscando siempre el bienestar del consumidor final.</span></p>
<p style="text-align: justify;">Contamos con una infraestructura adecuada, flotilla de vehículos y un personal altamente calificado para el buen funcionamiento de nuestra empresa.</p>
<p style="text-align: justify;">El sistema de producción en campo está basado en un manejo integral de los cultivos,  buscano producir frutas y hortalizas con excelente calidad natural;  todo este proceso cuenta con la debida supervisión de diversas entidades estatales.</p>
<p style="text-align: left;"><a href="http://frutasselectasdelvalle.com/wp-content/uploads/2009/08/pimenton3.jpg"><img loading="lazy" class="alignnone size-medium wp-image-51" src="http://frutasselectasdelvalle.com/wp-content/uploads/2009/08/pimenton3-300x274.jpg" alt="invernadero" width="300" height="274" srcset="https://frutasselectasdelvalle.com/wp-content/uploads/2009/08/pimenton3-300x274.jpg 300w, https://frutasselectasdelvalle.com/wp-content/uploads/2009/08/pimenton3.jpg 500w" sizes="(max-width: 300px) 100vw, 300px" /></a></p>
<p style="text-align: justify;">Los cultivos se encuentran ubicados entre los 960 y los 1700 metros sobre el nivel del mar, contando con un área importante de invernaderos manejados con sistemas de producción de alta tecnología.</p>
<p style="text-align: justify;">Actualmente estamos atendiendo los mercados nacionales a través de supermercados de cadena y centrales de abasto quienes poseen un alto</p>
<p style="text-align: justify;">conocimiento de la calidad de nuestros productos, y dentro de nuestras proyecciones está la de atender mercados internacionales como Ecuador, Canadá, Estados Unidos, entre otros.</p>

<p>RESEÑA HISTORICA Y ESTRUCTURA EMPRESARIAL La firma inicia sus actividades comerciales en el año 2006.  Es una empresa nacional que promueve el desarrollo económico y agroindustrial de la región dentro de un marco de competitividad, integridad y sostenibilidad, que garantice la producción, procesamiento y distribución de productos altamente desarrollados acortando así la intermediación en la [&hellip;]</p>
