{"id":85,"date":"2010-02-18T11:29:53","date_gmt":"2010-02-18T15:29:53","guid":{"rendered":"http:\/\/frutasselectasdelvalle.com\/index.php\/quienes-somos\/"},"modified":"2023-07-05T10:35:14","modified_gmt":"2023-07-05T15:35:14","slug":"quienes-somos","status":"publish","type":"page","link":"https:\/\/frutasselectasdelvalle.com\/index.php\/quienes-somos\/","title":{"rendered":"Qui\u00e9nes somos"},"content":{"rendered":"<p style=\"text-align: center;\"><strong>Producimos y comercializamos frutas con calidad natural.<\/strong><\/p>\n<p style=\"text-align: justify;\">Somos una empresa colombiana que promueve el desarrollo econ\u00f3mico y agroindustrial de la regi\u00f3n, con una d\u00e9cada de trayectoria, dentro de un marco de competitividad, integridad y sostenibilidad que garantice la producci\u00f3n, procesamiento y distribuci\u00f3n de productos altamente desarrollados, destinadas a los mercados nacionales e internacionales, acortando as\u00ed la intermediaci\u00f3n en la cadena productiva, buscando siempre el bienestar del consumidor final.<\/p>\n<p style=\"text-align: justify;\">Contamos con una infraestructura adecuada, flotilla de veh\u00edculos y un personal altamente calificado para el buen funcionamiento de nuestra empresa.<\/p>\n<p style=\"text-align: justify;\">El sistema de producci\u00f3n en campo est\u00e1 basado en un manejo integral de los cultivos, buscando producir frutas y hortalizas con excelente calidad natural; todo este proceso cuenta con la debida supervisi\u00f3n de diversas entidades estatales.<\/p>\n<p style=\"text-align: center;\"><img loading=\"lazy\" class=\"size-full wp-image-156 aligncenter\" title=\"Cultivos de papaya de Frutas Selectas del Valle\" src=\"http:\/\/frutasselectasdelvalle.com\/wp-content\/uploads\/2010\/02\/inicio2.jpg\" alt=\"Cultivos de papaya de Frutas Selectas del Valle\" width=\"600\" height=\"450\" srcset=\"https:\/\/frutasselectasdelvalle.com\/wp-content\/uploads\/2010\/02\/inicio2.jpg 600w, https:\/\/frutasselectasdelvalle.com\/wp-content\/uploads\/2010\/02\/inicio2-300x225.jpg 300w\" sizes=\"(max-width: 600px) 100vw, 600px\" \/><\/p>\n","protected":false},"excerpt":{"rendered":"<p>Producimos y comercializamos frutas con calidad natural. Somos una empresa colombiana que promueve el desarrollo econ\u00f3mico y agroindustrial de la regi\u00f3n, con una d\u00e9cada de trayectoria, dentro de un marco de competitividad, integridad y sostenibilidad que garantice la producci\u00f3n, procesamiento y distribuci\u00f3n de productos altamente desarrollados, destinadas a los mercados nacionales e internacionales, acortando as\u00ed [&hellip;]<\/p>\n","protected":false},"author":1,"featured_media":0,"parent":0,"menu_order":2,"comment_status":"open","ping_status":"open","template":"page-fullwidth.php","meta":{"ngg_post_thumbnail":0},"_links":{"self":[{"href":"https:\/\/frutasselectasdelvalle.com\/index.php\/wp-json\/wp\/v2\/pages\/85"}],"collection":[{"href":"https:\/\/frutasselectasdelvalle.com\/index.php\/wp-json\/wp\/v2\/pages"}],"about":[{"href":"https:\/\/frutasselectasdelvalle.com\/index.php\/wp-json\/wp\/v2\/types\/page"}],"author":[{"embeddable":true,"href":"https:\/\/frutasselectasdelvalle.com\/index.php\/wp-json\/wp\/v2\/users\/1"}],"replies":[{"embeddable":true,"href":"https:\/\/frutasselectasdelvalle.com\/index.php\/wp-json\/wp\/v2\/comments?post=85"}],"version-history":[{"count":5,"href":"https:\/\/frutasselectasdelvalle.com\/index.php\/wp-json\/wp\/v2\/pages\/85\/revisions"}],"predecessor-version":[{"id":326,"href":"https:\/\/frutasselectasdelvalle.com\/index.php\/wp-json\/wp\/v2\/pages\/85\/revisions\/326"}],"wp:attachment":[{"href":"https:\/\/frutasselectasdelvalle.com\/index.php\/wp-json\/wp\/v2\/media?parent=85"}],"curies":[{"name":"wp","href":"https:\/\/api.w.org\/{rel}","templated":true}]}}