{"id":89,"date":"2010-02-18T11:35:24","date_gmt":"2010-02-18T15:35:24","guid":{"rendered":"http:\/\/frutasselectasdelvalle.com\/?page_id=89"},"modified":"2010-02-22T09:54:28","modified_gmt":"2010-02-22T13:54:28","slug":"campo","status":"publish","type":"page","link":"https:\/\/frutasselectasdelvalle.com\/index.php\/estructura-funcional\/campo\/","title":{"rendered":"Campo"},"content":{"rendered":"<p style=\"text-align: justify;\">Contamos con t\u00e9cnicos agr\u00edcolas,  muy bien capacitados,  que desarrollan sus actividades de producci\u00f3n apoyados en la asesor\u00eda y experiencia de ingenieros agr\u00f3nomos.  Este proceso se cumple en terrenos propios y en predios tomados en alquiler, garantizando, de esta manera, el suministro constante y permanente de los productos a nuestros clientes.<\/p>\n<p style=\"text-align: center;\"><img loading=\"lazy\" class=\"size-full wp-image-142 aligncenter\" title=\"El campo\" src=\"http:\/\/frutasselectasdelvalle.com\/wp-content\/uploads\/2010\/02\/LA-DEL-PE1.jpg\" alt=\"El campo\" width=\"500\" height=\"634\" srcset=\"https:\/\/frutasselectasdelvalle.com\/wp-content\/uploads\/2010\/02\/LA-DEL-PE1.jpg 500w, https:\/\/frutasselectasdelvalle.com\/wp-content\/uploads\/2010\/02\/LA-DEL-PE1-236x300.jpg 236w\" sizes=\"(max-width: 500px) 100vw, 500px\" \/><\/p>\n","protected":false},"excerpt":{"rendered":"<p>Contamos con t\u00e9cnicos agr\u00edcolas, muy bien capacitados, que desarrollan sus actividades de producci\u00f3n apoyados en la asesor\u00eda y experiencia de ingenieros agr\u00f3nomos. Este proceso se cumple en terrenos propios y en predios tomados en alquiler, garantizando, de esta manera, el suministro constante y permanente de los productos a nuestros clientes.<\/p>\n","protected":false},"author":1,"featured_media":0,"parent":23,"menu_order":1,"comment_status":"open","ping_status":"open","template":"","meta":{"ngg_post_thumbnail":0},"_links":{"self":[{"href":"https:\/\/frutasselectasdelvalle.com\/index.php\/wp-json\/wp\/v2\/pages\/89"}],"collection":[{"href":"https:\/\/frutasselectasdelvalle.com\/index.php\/wp-json\/wp\/v2\/pages"}],"about":[{"href":"https:\/\/frutasselectasdelvalle.com\/index.php\/wp-json\/wp\/v2\/types\/page"}],"author":[{"embeddable":true,"href":"https:\/\/frutasselectasdelvalle.com\/index.php\/wp-json\/wp\/v2\/users\/1"}],"replies":[{"embeddable":true,"href":"https:\/\/frutasselectasdelvalle.com\/index.php\/wp-json\/wp\/v2\/comments?post=89"}],"version-history":[{"count":4,"href":"https:\/\/frutasselectasdelvalle.com\/index.php\/wp-json\/wp\/v2\/pages\/89\/revisions"}],"predecessor-version":[{"id":144,"href":"https:\/\/frutasselectasdelvalle.com\/index.php\/wp-json\/wp\/v2\/pages\/89\/revisions\/144"}],"up":[{"embeddable":true,"href":"https:\/\/frutasselectasdelvalle.com\/index.php\/wp-json\/wp\/v2\/pages\/23"}],"wp:attachment":[{"href":"https:\/\/frutasselectasdelvalle.com\/index.php\/wp-json\/wp\/v2\/media?parent=89"}],"curies":[{"name":"wp","href":"https:\/\/api.w.org\/{rel}","templated":true}]}}

<p style="text-align: justify;">Contamos con técnicos agrícolas,  muy bien capacitados,  que desarrollan sus actividades de producción apoyados en la asesoría y experiencia de ingenieros agrónomos.  Este proceso se cumple en terrenos propios y en predios tomados en alquiler, garantizando, de esta manera, el suministro constante y permanente de los productos a nuestros clientes.</p>
<p style="text-align: center;"><img loading="lazy" class="size-full wp-image-142 aligncenter" title="El campo" src="http://frutasselectasdelvalle.com/wp-content/uploads/2010/02/LA-DEL-PE1.jpg" alt="El campo" width="500" height="634" srcset="https://frutasselectasdelvalle.com/wp-content/uploads/2010/02/LA-DEL-PE1.jpg 500w, https://frutasselectasdelvalle.com/wp-content/uploads/2010/02/LA-DEL-PE1-236x300.jpg 236w" sizes="(max-width: 500px) 100vw, 500px" /></p>

<p>Contamos con técnicos agrícolas, muy bien capacitados, que desarrollan sus actividades de producción apoyados en la asesoría y experiencia de ingenieros agrónomos. Este proceso se cumple en terrenos propios y en predios tomados en alquiler, garantizando, de esta manera, el suministro constante y permanente de los productos a nuestros clientes.</p>
